{"id":492,"date":"2017-01-20T11:51:59","date_gmt":"2017-01-20T09:51:59","guid":{"rendered":"http:\/\/www.praxis-modus-vivendi.de\/?page_id=492"},"modified":"2024-03-06T19:57:41","modified_gmt":"2024-03-06T17:57:41","slug":"kai-isenberg","status":"publish","type":"page","link":"https:\/\/www.praxis-modus-vivendi.de\/?page_id=492","title":{"rendered":"Kai Isenberg"},"content":{"rendered":"<p><a href=\"http:\/\/www.praxis-modus-vivendi.de\/wp-content\/uploads\/2017\/01\/Bildschirmfoto-2017-01-20-um-10.48.14.png\"><img loading=\"lazy\" decoding=\"async\" class=\"alignleft  wp-image-497\" title=\"Bildschirmfoto 2017-01-20 um 10.48.14\" src=\"http:\/\/www.praxis-modus-vivendi.de\/wp-content\/uploads\/2017\/01\/Bildschirmfoto-2017-01-20-um-10.48.14.png\" alt=\"\" width=\"104\" height=\"146\" \/><\/a><\/p>\n<ul>\n<li>Diplom-Sozialp\u00e4dagoge<\/li>\n<li>Systemischer Kinder- und Jugendlichentherapeut (DGSF)<\/li>\n<li>seit 25 Jahren in der Jugendf\u00f6rderung und Jugendhilfe t\u00e4tig<\/li>\n<\/ul>\n<h6>\u00a0<\/h6>\n<h6>\u00a0<\/h6>\n<h6 style=\"text-align: right;\">\u00a0<\/h6>\n\n\n<p><\/p>\n","protected":false},"excerpt":{"rendered":"<p>Diplom-Sozialp\u00e4dagoge Systemischer Kinder- und Jugendlichentherapeut (DGSF) seit 25 Jahren in der Jugendf\u00f6rderung und Jugendhilfe t\u00e4tig \u00a0 \u00a0 \u00a0<\/p>\n","protected":false},"author":1,"featured_media":797,"parent":9,"menu_order":4,"comment_status":"closed","ping_status":"closed","template":"","meta":{"footnotes":""},"jetpack_shortlink":"https:\/\/wp.me\/P2KOP7-7W","jetpack_sharing_enabled":true,"_links":{"self":[{"href":"https:\/\/www.praxis-modus-vivendi.de\/index.php?rest_route=\/wp\/v2\/pages\/492"}],"collection":[{"href":"https:\/\/www.praxis-modus-vivendi.de\/index.php?rest_route=\/wp\/v2\/pages"}],"about":[{"href":"https:\/\/www.praxis-modus-vivendi.de\/index.php?rest_route=\/wp\/v2\/types\/page"}],"author":[{"embeddable":true,"href":"https:\/\/www.praxis-modus-vivendi.de\/index.php?rest_route=\/wp\/v2\/users\/1"}],"replies":[{"embeddable":true,"href":"https:\/\/www.praxis-modus-vivendi.de\/index.php?rest_route=%2Fwp%2Fv2%2Fcomments&post=492"}],"version-history":[{"count":20,"href":"https:\/\/www.praxis-modus-vivendi.de\/index.php?rest_route=\/wp\/v2\/pages\/492\/revisions"}],"predecessor-version":[{"id":1034,"href":"https:\/\/www.praxis-modus-vivendi.de\/index.php?rest_route=\/wp\/v2\/pages\/492\/revisions\/1034"}],"up":[{"embeddable":true,"href":"https:\/\/www.praxis-modus-vivendi.de\/index.php?rest_route=\/wp\/v2\/pages\/9"}],"wp:featuredmedia":[{"embeddable":true,"href":"https:\/\/www.praxis-modus-vivendi.de\/index.php?rest_route=\/wp\/v2\/media\/797"}],"wp:attachment":[{"href":"https:\/\/www.praxis-modus-vivendi.de\/index.php?rest_route=%2Fwp%2Fv2%2Fmedia&parent=492"}],"curies":[{"name":"wp","href":"https:\/\/api.w.org\/{rel}","templated":true}]}}