{"id":205,"date":"2012-11-09T20:42:33","date_gmt":"2012-11-09T18:42:33","guid":{"rendered":"http:\/\/www.praxis-modus-vivendi.de\/?page_id=205"},"modified":"2021-04-20T13:36:28","modified_gmt":"2021-04-20T11:36:28","slug":"fur-familien","status":"publish","type":"page","link":"https:\/\/www.praxis-modus-vivendi.de\/?page_id=205","title":{"rendered":"F\u00fcr Familien"},"content":{"rendered":"<p><span style=\"color: #000000;\">In der <em><strong>Systemischen Familientherapie\/-beratung<\/strong><\/em>&nbsp;behandeln wir symptomatische (Verhaltens-) Auff\u00e4lligkeiten mit Unterst\u00fctzung der gesamten Familie. <strong>Ziel<\/strong> ist&nbsp;das Bew\u00e4ltigen und L\u00f6sen von Konflikten und Kommunikationsproblemen . Auch die Unterst\u00fctzung der Beteiligten beim Umgang mit Krankheit, Krisen oder traumatischen Erlebnissen kann Inhalt unserer Arbeit sein.<\/span><\/p>\n<p><span style=\"color: #000000;\">Die Therapie mit Hilfe der Familie hat sich bei verschiedensten St\u00f6rungsbildern bew\u00e4hrt.&nbsp;Nicht selten sind bei dieser Form der Arbeit mehrere Personen anwesend (z.B. Eltern <em>und<\/em> Kinder). Es k\u00f6nnen aber auch Einzelberatungen sein, bei denen famili\u00e4re Themen im Fokus stehen.<\/span><\/p>\n<p><span style=\"color: #000000;\">Der Begriff &#8222;Familie&#8220; umfasst nach unserem Verst\u00e4ndnis alle Familienformen (also auch Alleinerziehende, Patchworkfamilien oder Pflegefamilien).<\/span><\/p>\n<p><span style=\"color: #000000;\">In unserer Arbeit hat sich vor allem die parit\u00e4tische Besetzung in Form einer <strong>Co-Beratung<\/strong> (z.B. als Eltern-\/oder Paarmodell) bew\u00e4hrt.&nbsp;<\/span><\/p>\n<p><span style=\"color: #000000;\">Wir bieten (Weg-)Begleitung, die sich orientiert an den St\u00e4rken und F\u00e4higkeiten der beteiligten Menschen und treten Ihnen entsprechend mit Wertsch\u00e4tzung, Respekt und einer unvoreingenommenen Haltung entgegen. In einem offenen Dialog, verbunden mit den kreativen Methoden der <em>Systemischen Therapie <\/em><\/span><em>,<\/em><span style=\"color: #000000;\">&nbsp;stellen wir&nbsp;&nbsp;bisher g\u00fcltige Regeln, Muster und Annahmen in Frage, bieten neue Sichtweisen und &nbsp;Interpretationen an und versuchen gemeinsam mit Ihnen alternative Handlungsweisen zu entwickeln.&nbsp;<\/span><\/p>\n<h6 style=\"text-align: right;\"><\/h6>\n","protected":false},"excerpt":{"rendered":"<p>In der Systemischen Familientherapie\/-beratung&nbsp;behandeln wir symptomatische (Verhaltens-) Auff\u00e4lligkeiten mit Unterst\u00fctzung der gesamten Familie. Ziel ist&nbsp;das Bew\u00e4ltigen und L\u00f6sen von Konflikten und Kommunikationsproblemen . Auch die &hellip;<\/p>\n","protected":false},"author":1,"featured_media":797,"parent":24,"menu_order":2,"comment_status":"closed","ping_status":"closed","template":"","meta":{"footnotes":""},"jetpack_shortlink":"https:\/\/wp.me\/P2KOP7-3j","jetpack_sharing_enabled":true,"_links":{"self":[{"href":"https:\/\/www.praxis-modus-vivendi.de\/index.php?rest_route=\/wp\/v2\/pages\/205"}],"collection":[{"href":"https:\/\/www.praxis-modus-vivendi.de\/index.php?rest_route=\/wp\/v2\/pages"}],"about":[{"href":"https:\/\/www.praxis-modus-vivendi.de\/index.php?rest_route=\/wp\/v2\/types\/page"}],"author":[{"embeddable":true,"href":"https:\/\/www.praxis-modus-vivendi.de\/index.php?rest_route=\/wp\/v2\/users\/1"}],"replies":[{"embeddable":true,"href":"https:\/\/www.praxis-modus-vivendi.de\/index.php?rest_route=%2Fwp%2Fv2%2Fcomments&post=205"}],"version-history":[{"count":26,"href":"https:\/\/www.praxis-modus-vivendi.de\/index.php?rest_route=\/wp\/v2\/pages\/205\/revisions"}],"predecessor-version":[{"id":961,"href":"https:\/\/www.praxis-modus-vivendi.de\/index.php?rest_route=\/wp\/v2\/pages\/205\/revisions\/961"}],"up":[{"embeddable":true,"href":"https:\/\/www.praxis-modus-vivendi.de\/index.php?rest_route=\/wp\/v2\/pages\/24"}],"wp:featuredmedia":[{"embeddable":true,"href":"https:\/\/www.praxis-modus-vivendi.de\/index.php?rest_route=\/wp\/v2\/media\/797"}],"wp:attachment":[{"href":"https:\/\/www.praxis-modus-vivendi.de\/index.php?rest_route=%2Fwp%2Fv2%2Fmedia&parent=205"}],"curies":[{"name":"wp","href":"https:\/\/api.w.org\/{rel}","templated":true}]}}